m?
26
Suppose 3*t - 2*r = -0*t + 16, 5*t - 5*r = 35. Suppose -t*n - 4 = -2. Let l be (n + 14)/((-1)/(-2)). What is the greatest common divisor of 286 and l?
26
Suppose -n - 4*r = -14, 0 = 5*n + 3*r - 65 + 12. What is the greatest common divisor of 160 and n?
10
Suppose 0 = -20*b + 26*b + 30. Let i be (-4)/(-6)*(1 - 4). Let j = i - b. What is the greatest common factor of j and 9?
3
Suppose -3*s = -3*f - 6*s + 117, 4*f + 3*s = 159. Calculate the highest common divisor of 24 and f.
6
Let f = -5486 + 5508. Suppose 22 = 3*i - i. Calculate the greatest common factor of i and f.
11
Let j(x) = 5*x - 1. Let k(h) = -24*h + 4. Let g(l) = -14*j(l) - 3*k(l). Let m be g(7). Calculate the highest common divisor of 48 and m.
16
Suppose -168 = -5*m - 3*t + 609, 4*m - 621 = -3*t. Suppose -z - 5*j = -96, 2*z - j = j + m. Calculate the greatest common factor of z and 9.
9
Let p(g) = -g**2 - g + 50. Let t be p(-5). What is the highest common divisor of t and 510?
30
Let q be ((-12)/(-10))/((-6)/(-15)). Suppose 3 = 2*z - q. Let h be ((-14)/z)/((-4)/6). What is the highest common factor of h and 56?
7
Let u be 9/6 + 5/10. Let g be 0 + u/(-12) + (-109)/(-6). Calculate the greatest common divisor of g and 9.
9
Let s be 3*(-4)/6 + 18. Calculate the highest common divisor of 32 and s.
16
Let i(d) be the third derivative of d**5/30 - d**4/8 + 2*d**3/3 - 8*d**2. Let r be i(3). Calculate the greatest common divisor of r and 1.
1
Suppose -118 = -3*f + 2*a - 8, 0 = 3*f - 3*a - 114. Let r = f - 26. Calculate the greatest common factor of 24 and r.
8
Let g(s) = -s**2 + 31*s - 32. Let p be g(15). Suppose 4*u = 44 + p. What is the greatest common divisor of u and 7?
7
Suppose 0 = 185*v - 186*v + 1169. Calculate the highest common factor of 7 and v.
7
Suppose 66*s - 35*s - 620 = 0. What is the greatest common divisor of 10 and s?
10
Let s be (-1454)/(-11) + 8/(-44). Suppose -2*k + 36 = -0*k + 4*c, 4*c + s = 4*k. What is the greatest common divisor of 42 and k?
14
Let i = 19 - 17. Suppose i*s + 3*r = 138, -s - r - r = -70. What is the greatest common factor of 44 and s?
22
Let g be (-15)/25 + (-54)/10. Let m be 8/(-6)*(0 + g). Let i = 0 + 8. Calculate the highest common divisor of i and m.
8
Suppose -26*f + 17555 = 2163. What is the highest common factor of f and 518?
74
Let r be (-4)/(-6) + (-200)/(-6). Let t(f) = -f**3 + 10*f**2 + 10*f - 8. Let m be t(7). Let l = -192 + m. What is the greatest common divisor of r and l?
17
Suppose -6 = 4*s + 6, 2*s + 36 = f. Calculate the greatest common divisor of 30 and f.
30
Let j = 93 - 22. Let i = j + -46. What is the highest common factor of 5 and i?
5
Let u be (-26)/(-1 - (-1)/2). Let p = 30350 + -30311. What is the greatest common factor of p and u?
13
Suppose -1 = 4*j - 13. Suppose 4*x - 52 = 4*l, -l + 0 = j. Suppose -x = -3*q + 26. What is the greatest common factor of q and 108?
12
Suppose 2*b - 5 = 11. Suppose 0 = -3*u + 16 + b. Suppose -5*s + 0*s + 283 = 4*h, 0 = -4*h + 3*s + 291. What is the highest common divisor of u and h?
8
Suppose 5*y = -5*i + 2 + 68, 2*i - 5*y - 49 = 0. Let n be 8/(-2)*(-2 - -3). Let f be 189 + (8/n - 0). What is the highest common factor of f and i?
17
Let q(v) = -5*v - 17. Let y be q(0). Let k = 7 - y. Calculate the highest common factor of 192 and k.
24
Let n be ((-14)/8)/(3/(-480)). Let z = 45 + -17. What is the greatest common divisor of z and n?
28
Let i(y) = y + 2. Let l be i(10). Let t be (-4)/(-6) + 196/l. Suppose 0*r - 51 = -r. What is the highest common factor of t and r?
17
Suppose -5*w - 3*j - 38 = -82, 3*j - 9 = 0. Let i = 7 - 6. Suppose -5*s = -q + 4*q + 4, -2*q = 3*s + i. Calculate the highest common factor of w and q.
7
Let w(d) = -d**2 - 123*d + 1341. Let r be w(10). Let f be (-728)/(-6) + 2/(-6). What is the highest common divisor of f and r?
11
Let j be -37 - -40 - 9*-1. What is the greatest common divisor of 108 and j?
12
Suppose 22*y - 180 = 12*y. Suppose 0*c = c - 54. What is the greatest common divisor of y and c?
18
Let y be (105/(-56) - -2)*632. Calculate the greatest common divisor of y and 711.
79
Let w(z) = 31*z**2 + 2*z - 1. Let b be w(1). Let t(g) = 9*g**2 - 5*g + 4. Let p be t(4). What is the greatest common divisor of p and b?
32
Let i = -66 - -16. Let u = 6 - i. What is the greatest common factor of 14 and u?
14
Let i(z) = 2*z**2 + 4*z + 2. Let l be i(-4). Calculate the highest common factor of 4 and l.
2
Suppose -3*o - s = -359, -o + s = -22 - 91. Let w = 150 - o. Calculate the greatest common factor of 160 and w.
32
Suppose 3*t - 30 = -240. Let r = 74 + t. What is the greatest common factor of r and 8?
4
Let k = 195 - 191. Calculate the highest common factor of 7 and k.
1
Suppose -21*b + 68 = 13*b. Calculate the greatest common divisor of b and 204.
2
Suppose 3 = -m - 3*l, -4*m - 7*l + 4*l - 21 = 0. Let a be (-710)/(-6) - 4/m. Calculate the greatest common divisor of a and 17.
17
Suppose -1188 = -3*c - 4*u + 6*u, 2*c = 5*u + 792. What is the greatest common factor of 176 and c?
44
Suppose -25 = -d + 15. Suppose 3*u - u = d. What is the highest common factor of u and 5?
5
Let d(s) = 6*s + 248. Let i be d(-35). What is the highest common factor of 2 and i?
2
Suppose 0 = -3*r - 53 + 188. Let x = 63 - 58. Calculate the greatest common factor of r and x.
5
Let z(p) = 4*p - 2 - 3*p - 6*p - 2*p**2 + p**2. Let c be z(-4). Let k be 37 - (0 - c)/(-2). What is the highest common factor of k and 4?
4
Suppose 0 = w + 3*q - 3, 2*w + 2*q - 9 = 9. Suppose -w*k = -7*k - 45. Let c be (-2)/1 + 29*(2 + -1). Calculate the highest common factor of c and k.
9
Suppose o + 57 = -q - q, 0 = -3*q + 5*o - 79. Let a = q + 34. Calculate the greatest common divisor of a and 15.
3
Suppose 9*w = 7*w + 4*i + 64, 3*i = 12. Suppose -2*c + 2*s + w = 0, c - 62 = -3*c - 2*s. Calculate the highest common factor of c and 136.
17
Let s(o) = 4*o. Let v(f) = 23*f + 1. Let p(n) = 22*s(n) - 4*v(n). Let y be p(-7). Suppose 0 = -3*a + 2*a + y. Calculate the highest common factor of a and 3.
3
Let l(g) = -g**2 - 10*g - 10. Let a be l(-8). Let u = 184 - 128. Let j = u + -14. Calculate the highest common factor of j and a.
6
Suppose -256 = 4*d - 3*p + p, -d + p = 62. Let i = -15 - d. Calculate the greatest common factor of 17 and i.
17
Let l(a) = -7*a - 98. Let k be l(-17). What is the greatest common factor of k and 525?
21
Suppose u - 5*j + 25 = 60, -5*u + 3*j = -109. Let t = u + -9. Let v = t + 10. Calculate the highest common factor of v and 21.
21
Let k(y) = y - 14. Let z be k(14). Suppose j - 2*j + 6 = z. Suppose 9*g - j*g = 63. What is the highest common factor of 168 and g?
21
Let l = -1191 + 1506. Calculate the greatest common factor of l and 10.
5
Let a(x) = -x**2 + 2*x + 6. Let d be a(3). Suppose v = d*v - 14. What is the highest common factor of 56 and v?
7
Let c be 1516/(-12) - 3/(-9). Let s = c - -176. Let a = 36 - -39. Calculate the greatest common divisor of a and s.
25
Suppose -277*m = -239*m - 76. Let h = -7 + 25. Calculate the greatest common divisor of h and m.
2
Let z = 308 - 258. What is the greatest common factor of z and 90?
10
Suppose 0*s = -s - 10. Let m be (-6)/s - (-35)/25. Calculate the greatest common divisor of m and 22.
2
Let s(r) = -r + 89. Let z be s(12). What is the greatest common factor of z and 14?
7
Suppose 2*h - g = 9*h - 2616, 1502 = 4*h - 3*g. What is the highest common factor of 110 and h?
22
Let u = 10 - -146. Calculate the highest common divisor of u and 104.
52
Let i = -97 + 624. Calculate the greatest common factor of i and 17.
17
Let s(k) = -k**2 - k - 1. Let m(q) = 2*q**2 + 13*q + 25. Let r(w) = -m(w) - 3*s(w). Let i be r(12). What is the highest common factor of i and 22?
2
Suppose 58*j = 59*j - 49. Calculate the highest common factor of 196 and j.
49
Let p = -145 - -185. Calculate the highest common divisor of 240 and p.
40
Let t = 15 + -15. Suppose 3*q - 4*q - 44 = -2*y, t = -4*y - q + 100. Let z = -14 + y. Calculate the greatest common factor of 10 and z.
10
Let x = -62 + 174. Calculate the highest common factor of x and 64.
16
Suppose -15 = 3*t - 30. Let l(v) = 16*v**3 - v**2 + v - 1. Let u be l(1). What is the highest common factor of t and u?
5
Let s(l) = l**2 + 4*l - 111. Let d be s(9). What is the highest common divisor of 174 and d?
6
Let r be (-3)/9 - (-3)/9.